 11 = 3*q + u, -5*q + 4*q - 5*u = 1. Let d(k) = -2*k + 0 + 0*k + q. Let s = -22 - -27. What is d(s)?
-6
Let o(u) = 5*u**3 + 7*u - 27 + 28 + 9*u**2 - 4*u**3. Calculate o(-8).
9
Let x(j) = -j + 26. Suppose -c = -5*s - 3, -2*c = 3*c - 15. Calculate x(s).
26
Let n = 11 + -6. Let x(w) = 7*w**2 - 2*w. Let c(u) be the third derivative of -u**5/10 + u**4/12 + u**3/6 - 3*u**2. Let o(p) = -6*c(p) - 5*x(p). Give o(n).
9
Let m(g) = g**3 + g**2 + g. Let k(s) = 4*s - 1. Let j be k(4). Let i be 6*(12/(-8) - -2). Suppose -u + 4*u + j = -i*w, u + 15 = -3*w. Give m(u).
0
Let v(o) be the second derivative of -5*o**3/6 + 16*o. Give v(-2).
10
Let n(v) = v + 3. Suppose -y - 24 = 3*y. Give n(y).
-3
Let n(y) = -3*y - 4. Suppose -4*b + 10 = -p, -p = -2*b + 1 + 3. Suppose 3*f + p*f = -30. Let g = f - -2. Give n(g).
8
Let n be 11 - (0 + 4/2). Suppose 0 = 4*r - n*r + 10. Let b(q) be the third derivative of q**6/60 - q**5/60 - q**4/8 + q**3/6 + q**2. Determine b(r).
7
Let j(n) = -n**2 + 9*n - 9. Let f(m) = 2*m**3 + 17*m**2 + 11*m - 1. Let w(u) = -u**3 - 9*u**2 - 6*u. Let b(d) = -6*f(d) - 11*w(d). Let i be b(-3). Give j(i).
9
Let o(c) = -c**2 - 3*c + 5. Let r be (-2)/(-8) - (4 + 10/8). Determine o(r).
-5
Let r(j) = -2*j + 7. Suppose -2*f + 3*f - 5 = 0. Suppose 8 = f*t - 7. Suppose -4*y + 5 = -t*y. What is r(y)?
-3
Suppose 5*t + 42 - 17 = 0. Let j(w) = -7 + 7 + 7 + 3*w. Determine j(t).
-8
Let u = -3 - -5. Suppose -53 = -5*i + u. Let d = i + -16. Let c(t) = 2*t + 3. What is c(d)?
-7
Let m(g) = 16*g**3 + g**2 - g. Suppose 0 = -11*w + 5 + 6. What is m(w)?
16
Let a = 35 - 32. Let b(w) be the second derivative of 0 - 3/2*w**2 - a*w - 1/3*w**3. What is b(-4)?
5
Let l(x) = x + 10. Suppose -2 = -5*o - 12, 10 = -3*p - 5*o. Calculate l(p).
10
Suppose 0 = -0*v + 3*v - 9. Suppose 5 = -v*k + 17. Suppose 5*a + 4*z - 3*z - 12 = 0, 2*z - 12 = -k*a. Let m(y) = y**2 - 5*y + 2. Calculate m(a).
-4
Let a(b) = -b**2 + 7*b. Let q(t) = 2*t - 10. Let f be q(7). Suppose 3*u = 3*k + 6, 5*k = 2*u - f*u + 25. Give a(u).
10
Let g(l) = -l**3 + 2*l - 1. Suppose 5*o - p = 5 - 15, 5*o - 5*p + 10 = 0. Let i(x) = 1 - 5 + 2 + 2*x - x**3. Let v(q) = o*i(q) + 3*g(q). Determine v(-1).
0
Let h = 18 + -13. Suppose -2*r + r + 1 = 0. Let b(x) = 1 - r + x. What is b(h)?
5
Suppose -5*z = -3*z + 4. Let w(i) be the second derivative of i**4/12 + i**3/3 - i**2/2 - i. Give w(z).
-1
Let c be (-1)/4 - (-39)/12. Let z(a) = a**2 + a - 1. Calculate z(c).
11
Let o(m) be the third derivative of m**5/20 + m**4/12 - 56*m**2. Suppose 0*j + 2 = -j. Determine o(j).
8
Let c = -2 + 4. Let w(v) = 3*v - 3 - 2*v + 0*v**3 - v**3 - c. Calculate w(0).
-5
Let g(a) = a**2 + 9*a - 13. Let j be g(-11). Suppose i + 4 = j. Let s(d) = 3 - 3 - 3 - i*d**2 + d**3. Determine s(5).
-3
Let p(s) = -s**2 + 7*s + 1. Suppose 0 = -2*g - 88 + 98. What is p(g)?
11
Let z be (-2)/2*-1 + -2. Let h be (2/(z/(-1)))/(-1). Let j(v) = -1 + 39*v**2 - 39*v**2 - v**3 + v. Determine j(h).
5
Let y(v) = v**2 + 2*v - 3. Let s be y(-4). Let g(c) = -4*c**3 + c**2 + 6*c - 10. Let t(k) = 7*k**3 - 3*k**2 - 12*k + 19. Let z(b) = 5*g(b) + 3*t(b). Give z(s).
2
Suppose 15 = -4*p - 3*k, 0 = 4*p - 2*k - 2*k + 8. Let m = 17 - 12. Let n(c) = -13*c + m*c + 2 + 7*c. Calculate n(p).
5
Let s be 3 - ((-2)/6 + 8/6). Let b(l) = -4*l**2 - 3*l + 3. What is b(s)?
-19
Let q = 2 - 5. Let t(c) = c**2 + 5*c - 2. What is t(q)?
-8
Let u(g) = -2 - 3*g + 11 + g - 2. What is u(6)?
-5
Let b(o) = -4*o**2 + 2 - 5*o**2 - 6*o - 6 + 8*o**2. Give b(-7).
-11
Let i(o) = -4*o**2 + o**2 + 8*o + 11*o**2 - 6 + o**3. Give i(-6).
18
Let a = -6 + 8. Suppose 1 = -a*m - 1. Let x(g) = 7*g + 1. Calculate x(m).
-6
Let l be (-7)/(-2) + 2/(-4). Suppose l*c = -2*c + 25. Suppose -c = -h - 0. Let t(s) = -s**2 + 6*s + 3. Determine t(h).
8
Let y be 8/(-36) - (-20)/9. Suppose 0 = 2*u - y - 0. Let g(n) be the first derivative of n**4/2 - 2*n**3/3 + n**2 - n + 6. What is g(u)?
1
Suppose 14 = 5*v - 1. Let m(h) be the first derivative of v*h + 1/2*h**2 + 1. Calculate m(-3).
0
Let b(r) = -r**2 - 2*r + 7. Suppose -8*z + 6*z = 10. Determine b(z).
-8
Let l = -17 + 30. Let k(o) = 2*o**2 + 10*o - 25. Let j(z) = -z**2 - 5*z + 12. Let s(m) = l*j(m) + 6*k(m). What is s(-6)?
0
Let m(b) = b**3 + 8*b**2 + 8*b + 8. Let c be m(-7). Let k = 4 - c. Let o(l) be the first derivative of -2*l**2 + 4*l + 1. What is o(k)?
-8
Let g(z) = -9*z + 2. Let n(c) = -5*c + 1. Let y(k) = 6*g(k) - 11*n(k). Suppose 4*r - 4*o + 12 = 0, 8*r = 5*r - 5*o - 25. What is y(r)?
-4
Suppose 0 = 4*w + 5*m - m + 12, w + 6 = -4*m. Let z(a) = a + 2. What is z(w)?
0
Let o(i) = -5*i + 1. Suppose -15*a + 12*a = 3. Give o(a).
6
Let d be 2*((-3)/(-2) + -2). Suppose -l - 3*l = -8. Let o = d - l. Let b(s) = -s**2 - 2*s + 3. Calculate b(o).
0
Let u(g) = -g**3 - 10*g**2 + 10*g - 7. Let h be u(-11). Suppose 4*d = h*y - 8, 3*d + 0*y = -3*y + 18. Let c(f) = -2*f - 3 + 5*f**2 - d*f**2 + 4. Determine c(1).
2
Let q(w) = w**3 - w**2 - w. Let i = 2 + -2. Calculate q(i).
0
Suppose -26*j + 3 = -29*j. Let r(i) = 7*i**2 - 2*i - 1. Give r(j).
8
Suppose 26*f = 27*f - 3. Let i(z) = -9*z + 4. Determine i(f).
-23
Let t(n) = -n**3 + 2*n + 1. Suppose 2*i - 6 + 0 = 0. Let v = i + -4. What is t(v)?
0
Let a(w) = 2*w**2 - w + 1. Let z be a(1). Let b(r) = 2 + 3*r - 5*r - r**z - 3*r. Calculate b(-5).
2
Suppose -5*w = -5*c, 0*w - 1 = -5*c + 4*w. Let d(q) = 2 + c - 3 + q**2 - q. Give d(0).
0
Let r(j) = 4*j**2 + 2*j + 2. Let z(w) = 5*w**2 + 2*w + 3. Let t(l) = -l**3 + 3*l**2 + 3*l - 4. Let d be t(3). Let y(n) = d*z(n) - 6*r(n). What is y(3)?
6
Let a(x) = -2*x**2 + 2. Let m be a(-2). Let r(j) be the third derivative of -j**4/8 - 4*j**3/3 - 11*j**2. Give r(m).
10
Let k(h) = -176*h + 1 + 179*h + 0 + 2*h**2. Let s(g) = -g. Let a be s(-2). Suppose 7 + a = -3*i. Calculate k(i).
10
Let g(d) be the third derivative of -d**6/120 - d**5/60 + d**4/24 + d**3/2 + 5*d**2. Let x(z) be the first derivative of g(z). Determine x(1).
-4
Let w(o) = 7*o + 0*o - 4*o - 6*o. Calculate w(-5).
15
Let v(g) = -5*g - 5. Let k(z) = -z - 1. Let s(x) = 4*k(x) - v(x). Determine s(-2).
-1
Let v(a) = 3*a + 3. Let b(u) = -u - 1. Let d(p) = 5*b(p) + 2*v(p). Calculate d(1).
2
Let l(k) be the first derivative of k**3/3 + k**2 + k + 6. What is l(-4)?
9
Let p(m) be the third derivative of m**8/6720 + m**7/504 + m**5/40 - m**4/4 + 8*m**2. Let c(k) be the second derivative of p(k). Give c(-5).
3
Let g(z) = -z**3 + 9*z**2 - z + 8. Suppose -2 - 3 = d. Let v(q) = -q**2 - 1. Let a(b) = d*v(b) - g(b). Calculate a(4).
1
Let y be (-2)/(-4)*(1 + 3). Let u(x) = 21*x**2 - x - 5*x**2 - 15*x**y + 4. Give u(0).
4
Let f(w) = -w**2 + 7*w + 7. Suppose -3*b = -11 - 7. What is f(b)?
13
Let p(f) = -f**2 - f + 6. Let i(x) = -2*x**2 - 7*x + 11. Let g(w) = 2*w**2 + 6*w - 11. Let l(a) = -6*g(a) - 5*i(a). Let m(o) = -3*l(o) + 5*p(o). Calculate m(4).
5
Let r(i) = i. Suppose -x = 2*x + 3. Let s(l) = l**2 + 6*l + 9. Let d(f) = x*s(f) + 6*r(f). Calculate d(0).
-9
Let k = 7 - 3. Let l(t) = -2*t + t - k*t + 6 + 2*t. Calculate l(4).
-6
Let u(k) = 2*k**2 - 2*k + 8. Let l(n) = n**2 - n + 4. Let w(c) = -9*l(c) + 4*u(c). Let z = -25 - -18. Let q = z - -7. Determine w(q).
-4
Let x(f) = 19*f + 3. Let z(p) = 10*p + 2. Let a be 2/(-6) + (-10)/(-3). Let r(b) = a*x(b) - 5*z(b). Calculate r(-1).
-8
Let g be (6/(-4))/((-3)/8). Suppose -g*b + x - 8 = 0, -5*b = -4*b + 3*x + 15. Let z(s) be the first derivative of s**3/3 + 3*s**2/2 - s + 138. Determine z(b).
-1
Let s(v) = v. Let m(g) = g + 4. Let h(i) = i + 12. Let w be h(-11). Let p(k) = w*m(k) - 2*s(k). Determine p(6).
-2
Let u(x) = -x**3 + 3*x**2 - 3*x + 3. Suppose 3*l = -k, -2*k + 4*k = -l. Suppose k = -d + 7 - 4. Calculate u(d).
-6
Suppose 8 = 3*m - m. Let h(o) = -o - 8. Let j(y) = -y. Let s(d) = h(d) - 2*j(d). Determine s(m).
-4
Let j(f) be the second derivative of -5*f**4/12 - f**2/2 + 9*f. Determine j(-1).
-6
Suppose 3*k = k + 30. Let y be 6/4 - k/(-6). Let i(t) = y - t**2 - 5 + 0 - 5*t. What is i(-4)?
3
Let x = 4 - -1. Let s be 3 + -1 - (x + 1). Let d(u) = 7*u + 9 - 11*u + 2*u + 3*u. Determine d(s).
5
Let r(x) be the second derivative of -1/6*x**3 + 3*x - 3*x**2 + 0. Calculate r(-5).
-1
Let j(z) = -2*z**3 - 2*z**2 + 3*z + 3. Suppose -h - 7 = -2*h. Let a = h - 9. Calculate j(a).
5
Let i(p) = p**2 - 2*p - 3. Suppose 6*z - 90 = -0*z. Suppose -7*r = -2